ultiple of 47?
False
Does 52 divide 1612364?
True
Is 744120 a multiple of 5?
True
Is 233 a factor of 9957022?
True
Is 879771 a multiple of 13?
False
Is 542 a factor of 1483996?
True
Does 24 divide 25313?
False
Is 399945 a multiple of 195?
True
Is 1695 a factor of 8658060?
True
Is 7199025 a multiple of 361?
False
Is 57 a factor of 130120?
False
Does 173 divide 12018949?
False
Is 35 a factor of 7795945?
False
Is 52524 a multiple of 6?
True
Is 2197913 a multiple of 35?
False
Does 12 divide 8164632?
True
Is 12432 a multiple of 42?
True
Is 5 a factor of 870665?
True
Is 1996 a multiple of 2?
True
Is 159526 a multiple of 3?
False
Does 30 divide 20075?
False
Does 11 divide 11918?
False
Does 275 divide 439291?
False
Is 6847280 a multiple of 16?
True
Is 201641 a multiple of 7?
False
Is 6077688 a multiple of 292?
True
Is 223796 a multiple of 332?
False
Does 17 divide 871284?
True
Is 263 a factor of 97928?
False
Is 4826925 a multiple of 9?
True
Does 58 divide 284548?
True
Does 51 divide 396294?
False
Is 430 a factor of 1616138?
False
Is 18076 a multiple of 10?
False
Does 150 divide 9311550?
True
Does 326 divide 430150?
False
Does 2 divide 15726?
True
Is 1861686 a multiple of 118?
True
Is 3373620 a multiple of 19?
False
Does 113 divide 424377?
False
Does 625 divide 142356?
False
Is 501810 a multiple of 129?
True
Is 242 a factor of 11597608?
True
Is 3 a factor of 12429?
True
Is 147147 a multiple of 147?
True
Is 14 a factor of 12805660?
True
Is 1359116 a multiple of 44?
True
Is 16 a factor of 964972?
False
Is 15 a factor of 2321906?
False
Does 37 divide 5032?
True
Is 1384285 a multiple of 1111?
False
Is 3 a factor of 93555?
True
Is 5105621 a multiple of 28?
False
Is 6127913 a multiple of 17?
False
Is 11812442 a multiple of 63?
False
Is 315495 a multiple of 81?
True
Is 5 a factor of 10092?
False
Is 1291045 a multiple of 11?
False
Is 573136 a multiple of 113?
True
Is 306082 a multiple of 14?
True
Does 313 divide 642902?
True
Is 115880 a multiple of 13?
False
Is 285288 a multiple of 25?
False
Does 34 divide 9395417?
False
Does 84 divide 9973404?
True
Does 14 divide 2818727?
False
Does 738 divide 3588156?
True
Is 492524 a multiple of 7?
False
Is 248615 a multiple of 401?
False
Is 313400 a multiple of 658?
False
Is 221833 a multiple of 17?
True
Is 106 a factor of 11453653?
False
Is 826254 a multiple of 13?
True
Is 608 a factor of 612256?
True
Is 62 a factor of 433318?
True
Does 107 divide 1751055?
True
Does 346 divide 143774?
False
Does 8 divide 341371?
False
Does 108 divide 926862?
False
Is 5080012 a multiple of 13?
False
Does 20 divide 441840?
True
Does 10 divide 74050?
True
Is 2432917 a multiple of 196?
False
Does 59 divide 1939448?
True
Is 30 a factor of 10066980?
True
Is 8637957 a multiple of 2196?
False
Is 13 a factor of 3572016?
False
Is 19 a factor of 129637?
True
Is 2640616 a multiple of 11?
True
Is 28 a factor of 120469?
False
Does 150 divide 3178263?
False
Does 619 divide 185935?
False
Is 295428 a multiple of 21?
True
Does 3 divide 46406?
False
Is 364973 a multiple of 119?
True
Is 2498730 a multiple of 86?
True
Is 68 a factor of 248032?
False
Is 8296775 a multiple of 9?
False
Is 42862 a multiple of 36?
False
Is 30406457 a multiple of 9?
False
Is 34 a factor of 7604613?
False
Does 116 divide 15428?
True
Is 388875 a multiple of 61?
True
Does 6 divide 22938?
True
Does 10 divide 364560?
True
Is 14 a factor of 5306?
True
Is 197613 a multiple of 210?
False
Is 4185233 a multiple of 496?
False
Is 468107 a multiple of 216?
False
Does 5 divide 139485?
True
Does 511 divide 1952610?
False
Is 10710243 a multiple of 156?
False
Does 14 divide 317870?
True
Is 55 a factor of 423036?
False
Is 75684 a multiple of 742?
True
Is 7 a factor of 3059817?
False
Does 16 divide 106221?
False
Is 10784 a multiple of 60?
False
Does 6 divide 154672?
False
Is 7643366 a multiple of 9?
False
Is 35 a factor of 99995?
True
Is 2117046 a multiple of 51?
False
Does 17 divide 3692961?
True
Is 4719480 a multiple of 20?
True
Is 687056 a multiple of 184?
True
Does 3 divide 231525?
True
Is 326125 a multiple of 33?
False
Does 221 divide 244647?
True
Is 5 a factor of 114545?
True
Is 60029 a multiple of 104?
False
Is 141 a factor of 85272?
False
Is 1218585 a multiple of 33?
False
Is 343 a factor of 2281979?
True
Is 244347 a multiple of 237?
True
Is 18555 a multiple of 9?
False
Is 1101251 a multiple of 598?
False
Is 111504 a multiple of 303?
True
Is 14 a factor of 480622?
False
Is 3 a factor of 1195653?
True
Is 104 a factor of 58685?
False
Does 22 divide 108401?
False
Does 7 divide 108642?
False
Is 8 a factor of 145636?
False
Is 627628 a multiple of 178?
True
Does 24 divide 137779?
False
Does 90 divide 64209?
False
Is 434 a factor of 6579009?
False
Is 4 a factor of 42340?
True
Is 18 a factor of 1536128?
False
Is 238317 a multiple of 113?
True
Is 6 a factor of 857129?
False
Is 14 a factor of 810572?
True
Is 752304 a multiple of 5?
False
Is 65701 a multiple of 15?
False
Is 35 a factor of 314948?
False
Does 48 divide 34896?
True
Does 12 divide 16236?
True
Is 13 a factor of 107988?
False
Does 25 divide 233737?
False
Is 31 a factor of 195207?
True
Is 406133 a multiple of 20?
False
Is 95 a factor of 3160365?
True
Is 9542863 a multiple of 1610?
False
Is 85 a factor of 384164?
False
Is 83 a factor of 654953?
True
Is 33 a factor of 107627?
False
Is 3 a factor of 80510?
False
Is 287112 a multiple of 28?
True
Is 252 a factor of 15526?
False
Does 28 divide 719152?
True
Is 261 a factor of 263349?
True
Is 46 a factor of 15716608?
False
Does 243 divide 220158?
True
Does 18 divide 221418?
True
Is 342 a factor of 145897?
False
Is 3 a factor of 18999?
True
Does 19 divide 50022?
False
Does 7 divide 1360226?
True
Is 1764544 a multiple of 79?
True
Is 369985 a multiple of 58?
False
Does 26 divide 762263?
False
Is 13 a factor of 2693123?
False
Is 1531914 a multiple of 786?
True
Does 698 divide 862030?
True
Is 99 a factor of 454806?
True
Is 429884 a multiple of 13?
True
Is 282 a factor of 58077?
False
Is 109848 a multiple of 184?
True
Is 132 a factor of 902880?
True
Is 144448 a multiple of 64?
True
Is 3438936 a multiple of 216?
True
Is 23173 a multiple of 17?
False
Does 940 divide 2710764?
False
Is 387030 a multiple of 114?
True
Does 1479 divide 4961182?
False
Is 1329600 a multiple of 64?
True
Does 12 divide 597563?
False
Is 8404931 a multiple of 622?
False
Is 5416875 a multiple of 125?
True
Is 289 a factor of 93636?
True
Is 357 a factor of 491289?
False
Is 247850 a multiple of 18?
False
Does 20 divide 18680?
True
Does 90 divide 868600?
False
Does 14 divide 22176?
True
Is 111154 a multiple of 239?
False
Is 19490339 a multiple of 44?
False
Is 287 a factor of 1495844?
True
Does 13 divide 154336?
True
Is 718872 a multiple of 351?
False
Is 34 a factor of 3193586?
True
Is 26 a factor of 5206113?
False
Is 2011624 a multiple of 21?
False
Is 15 a factor of 1898625?
True
Is 8807183 a multiple of 15?
False
Does 5 divide 82966?
False
Does 89 divide 1504735?
False
Is 56 a factor of 9232216?
True
Is 28520 a multiple of 40?
True
Is 739 a factor of 2798593?
True
Is 18 a factor of 84097?
False
Is 11774280 a multiple of 1605?
True
Is 106 a factor of 68900?
True
Is 30 a factor of 10613544?
False
Is 582592 a multiple of 136?
False
Does 52 divide 1102244?
True
Is 661949 a multiple of 185?
False
Is 209 a factor of 335349?
False
Is 136906 a multiple of 154?
True
Is 54247 a multiple of 356?
False
Is 8 a factor of 253305?
False
Is 43092 a multiple of 9?
True
Is 46 a factor of 3219586?
True
Does 12 divide 4204480?
False
Is 1870704 a multiple of 22?
True
Does 7 divide 1931718?
False
Does 25 divide 7240050?
True
Does 10 divide 9221?
False
Is 183528 a multiple of 3?
True
Does 104 divide 13312?
True
Is 9083570 a multiple of 515?
True
Is 54 a factor of 5670?
True
Does 50 divide 12900?
True
Is 20 a factor of 1255780?
True
Is 20 a factor of 7365638?
False
Is 50 a factor of 2210319?
False
Is 215 a factor of 4413520?
True
Is 20 a factor of 1085360?
True
Is 1162496 a multiple of 128?
True
Does 157 divide 5159958?
False
Is 257507 a multiple of 49?
False
Is 650205 a multiple of 23?
False
Does 4 divide 364835?
False
Is 162804 a multiple of 24?
False
Is 7 a factor of 10027?
False
Is 22 a factor of 191818?
True
Is 5 a factor of 72131?
False
Does 75 divide 18